{"id":1107,"date":"2024-04-03T16:45:06","date_gmt":"2024-04-03T14:45:06","guid":{"rendered":"https:\/\/tusta.com.ar\/?post_type=product&#038;p=1107"},"modified":"2025-07-28T18:55:11","modified_gmt":"2025-07-28T16:55:11","slug":"tanque-cisterna-modular-liso-waterplast-1000-l","status":"publish","type":"product","link":"https:\/\/tusta.com.ar\/index.php\/producto\/tanque-cisterna-modular-liso-waterplast-1000-l\/","title":{"rendered":"Tanque Cisterna Modular Liso Waterplast 1000 L Single"},"content":{"rendered":"<ul>\n<li>Medidas: altura 110 cm, ancho 110 cm, largo 110 cm.<\/li>\n<li>Permiten aumentar la capacidad de almacenamiento sin ocupar m\u00e1s espacio en el techo, terraza o azotea.<\/li>\n<li>Disminuye los perjuicios del racionamiento o falta de agua en aquellos sitios con problemas de abastecimiento en la red p\u00fablica.<\/li>\n<li>Evitan los problemas derivados de la presi\u00f3n insuficiente, facilitando la llegada del agua de la red.<\/li>\n<li>Todos sus componentes son garant\u00eda de buen funcionamiento y calidad del agua.<\/li>\n<li>Tapa con sistema click que asegura un cierre perfecto, evita la contaminaci\u00f3n del agua contenida.<\/li>\n<li>Resistentes y f\u00e1ciles de instalar.<\/li>\n<li>Fabricadas con materia prima virgen de primera calidad.<\/li>\n<li>Procesos de fabricaci\u00f3n certificados.<\/li>\n<li>Las cisternas Waterplast se utilizan para almacenar agua bajo el nivel de suelo y est\u00e1n fabricadas en polietileno por proceso de rotomoldeo.<\/li>\n<li>Su \u00f3ptimo dise\u00f1o estructural permite su entierre y compactaci\u00f3n.<\/li>\n<li>Excelente flexibilidad y resistencia.<\/li>\n<\/ul>\n","protected":false},"excerpt":{"rendered":"<p>Medidas: altura 110 cm, ancho 110 cm, largo 110 cm. Permiten aumentar la capacidad de almacenamiento sin ocupar m\u00e1s espacio en el techo, terraza o azotea. Disminuye los perjuicios del racionamiento o falta de agua en aquellos sitios con problemas de abastecimiento en la red p\u00fablica. Evitan los problemas derivados de la presi\u00f3n insuficiente, facilitando la llegada del agua de la red. Todos sus componentes son garant\u00eda de buen funcionamiento y calidad del agua. Tapa con sistema click que asegura un cierre perfecto, evita la contaminaci\u00f3n del agua contenida. Resistentes y f\u00e1ciles de instalar. Fabricadas con materia prima virgen de primera calidad. Procesos de fabricaci\u00f3n certificados. Las cisternas Waterplast se utilizan para almacenar agua bajo el nivel de suelo y est\u00e1n fabricadas en polietileno por proceso de rotomoldeo. Su \u00f3ptimo dise\u00f1o estructural permite su entierre y compactaci\u00f3n. Excelente flexibilidad y resistencia.<\/p>\n","protected":false},"featured_media":3259,"comment_status":"open","ping_status":"closed","template":"","meta":{"_eb_attr":""},"product_brand":[],"product_cat":[81,79],"product_tag":[96],"class_list":{"0":"post-1107","1":"product","2":"type-product","3":"status-publish","4":"has-post-thumbnail","6":"product_cat-cisternas","7":"product_cat-tanques-de-agua","8":"product_tag-waterplast","10":"first","11":"outofstock","12":"shipping-taxable","13":"product-type-simple"},"_links":{"self":[{"href":"https:\/\/tusta.com.ar\/index.php\/wp-json\/wp\/v2\/product\/1107","targetHints":{"allow":["GET"]}}],"collection":[{"href":"https:\/\/tusta.com.ar\/index.php\/wp-json\/wp\/v2\/product"}],"about":[{"href":"https:\/\/tusta.com.ar\/index.php\/wp-json\/wp\/v2\/types\/product"}],"replies":[{"embeddable":true,"href":"https:\/\/tusta.com.ar\/index.php\/wp-json\/wp\/v2\/comments?post=1107"}],"version-history":[{"count":3,"href":"https:\/\/tusta.com.ar\/index.php\/wp-json\/wp\/v2\/product\/1107\/revisions"}],"predecessor-version":[{"id":3258,"href":"https:\/\/tusta.com.ar\/index.php\/wp-json\/wp\/v2\/product\/1107\/revisions\/3258"}],"wp:featuredmedia":[{"embeddable":true,"href":"https:\/\/tusta.com.ar\/index.php\/wp-json\/wp\/v2\/media\/3259"}],"wp:attachment":[{"href":"https:\/\/tusta.com.ar\/index.php\/wp-json\/wp\/v2\/media?parent=1107"}],"wp:term":[{"taxonomy":"product_brand","embeddable":true,"href":"https:\/\/tusta.com.ar\/index.php\/wp-json\/wp\/v2\/product_brand?post=1107"},{"taxonomy":"product_cat","embeddable":true,"href":"https:\/\/tusta.com.ar\/index.php\/wp-json\/wp\/v2\/product_cat?post=1107"},{"taxonomy":"product_tag","embeddable":true,"href":"https:\/\/tusta.com.ar\/index.php\/wp-json\/wp\/v2\/product_tag?post=1107"}],"curies":[{"name":"wp","href":"https:\/\/api.w.org\/{rel}","templated":true}]}}