{"id":1227,"date":"2024-04-03T16:48:08","date_gmt":"2024-04-03T14:48:08","guid":{"rendered":"https:\/\/tusta.com.ar\/?post_type=product&#038;p=1227"},"modified":"2026-04-16T15:54:01","modified_gmt":"2026-04-16T18:54:01","slug":"termotanque-multigas-family-black-tts-50-l-senorial","status":"publish","type":"product","link":"https:\/\/tusta.com.ar\/index.php\/producto\/termotanque-multigas-family-black-tts-50-l-senorial\/","title":{"rendered":"Termotanque Multigas Family Black TTS-50 L Se\u00f1orial"},"content":{"rendered":"<p>Aislamiento con poliuretano.<br \/>\nIndicador de temperatura digital.<br \/>\nPiloto analizador.<br \/>\nMultigas: Kit para instalaci\u00f3n de gas natural o envasado.<br \/>\nProducto certificado por IGA.<br \/>\nColor negro<br \/>\nGarant\u00eda Se\u00f1orial 7 a\u00f1os<br \/>\nCapacidad del termotanque 50 Lts.<br \/>\nConsumo en gas natural 3800 Kcal\/h.<br \/>\nRecuperaci\u00f3n en gas natural 148 Lts\/h con \u0394t 20\u00b0C.<br \/>\nPresi\u00f3n de trabajo gas natural 180 mm.c.a.<br \/>\nConsumo en gas licuado 3800 Kcal\/h.<br \/>\nRecuperaci\u00f3n en gas licuado 148 Lts\/h con \u0394t 20\u00b0C.<br \/>\nPresi\u00f3n de trabajo gas licuado 280 mm.c.a.<br \/>\nConexi\u00f3n de agua superior e inferior<br \/>\nTipo de apoyo: apoyar y colgar<\/p>\n","protected":false},"excerpt":{"rendered":"<div align=\"center\">\n<div id=\"lodeladerecha\" align=\"left\"><\/div>\n<\/div>\n<p>Medidas<br \/>\nDi\u00e1metro 438 mm.<br \/>\nAltura 755 mm.<\/p>\n","protected":false},"featured_media":2227,"comment_status":"open","ping_status":"closed","template":"","meta":{"_eb_attr":""},"product_brand":[],"product_cat":[91,89],"product_tag":[108],"class_list":{"0":"post-1227","1":"product","2":"type-product","3":"status-publish","4":"has-post-thumbnail","6":"product_cat-multigas","7":"product_cat-termotanques","8":"product_tag-senorial","10":"first","11":"instock","12":"sold-individually","13":"shipping-taxable","14":"purchasable","15":"product-type-simple"},"_links":{"self":[{"href":"https:\/\/tusta.com.ar\/index.php\/wp-json\/wp\/v2\/product\/1227","targetHints":{"allow":["GET"]}}],"collection":[{"href":"https:\/\/tusta.com.ar\/index.php\/wp-json\/wp\/v2\/product"}],"about":[{"href":"https:\/\/tusta.com.ar\/index.php\/wp-json\/wp\/v2\/types\/product"}],"replies":[{"embeddable":true,"href":"https:\/\/tusta.com.ar\/index.php\/wp-json\/wp\/v2\/comments?post=1227"}],"version-history":[{"count":6,"href":"https:\/\/tusta.com.ar\/index.php\/wp-json\/wp\/v2\/product\/1227\/revisions"}],"predecessor-version":[{"id":3540,"href":"https:\/\/tusta.com.ar\/index.php\/wp-json\/wp\/v2\/product\/1227\/revisions\/3540"}],"wp:featuredmedia":[{"embeddable":true,"href":"https:\/\/tusta.com.ar\/index.php\/wp-json\/wp\/v2\/media\/2227"}],"wp:attachment":[{"href":"https:\/\/tusta.com.ar\/index.php\/wp-json\/wp\/v2\/media?parent=1227"}],"wp:term":[{"taxonomy":"product_brand","embeddable":true,"href":"https:\/\/tusta.com.ar\/index.php\/wp-json\/wp\/v2\/product_brand?post=1227"},{"taxonomy":"product_cat","embeddable":true,"href":"https:\/\/tusta.com.ar\/index.php\/wp-json\/wp\/v2\/product_cat?post=1227"},{"taxonomy":"product_tag","embeddable":true,"href":"https:\/\/tusta.com.ar\/index.php\/wp-json\/wp\/v2\/product_tag?post=1227"}],"curies":[{"name":"wp","href":"https:\/\/api.w.org\/{rel}","templated":true}]}}