{"id":2516,"date":"2024-06-22T23:50:19","date_gmt":"2024-06-22T21:50:19","guid":{"rendered":"https:\/\/tusta.com.ar\/?post_type=product&#038;p=2516"},"modified":"2026-03-23T13:20:22","modified_gmt":"2026-03-23T16:20:22","slug":"cubrecanos-extension-atuel","status":"publish","type":"product","link":"https:\/\/tusta.com.ar\/index.php\/producto\/cubrecanos-extension-atuel\/","title":{"rendered":"Cubreca\u00f1o Extensi\u00f3n 50 cm TST Atuel"},"content":{"rendered":"<p><strong>ESPECIFICACIONES T\u00c9CNICAS:<\/strong><br \/>\nAncho: 31 cm<\/p>\n<p>Alto: 48 cm<\/p>\n<p>Profundidad: 27,5 cm<\/p>\n<p>&nbsp;<\/p>\n<p>&nbsp;<\/p>\n","protected":false},"excerpt":{"rendered":"<p>ESPECIFICACIONES T\u00c9CNICAS: Ancho: 31 cm Alto: 48 cm Profundidad: 27,5 cm &nbsp; &nbsp;<\/p>\n","protected":false},"featured_media":2517,"comment_status":"open","ping_status":"closed","template":"","meta":{"_eb_attr":""},"product_brand":[],"product_cat":[155,36],"product_tag":[94],"class_list":{"0":"post-2516","1":"product","2":"type-product","3":"status-publish","4":"has-post-thumbnail","6":"product_cat-accesorios-campanas","7":"product_cat-campanas","8":"product_tag-tst","10":"first","11":"instock","12":"sold-individually","13":"shipping-taxable","14":"purchasable","15":"product-type-simple"},"_links":{"self":[{"href":"https:\/\/tusta.com.ar\/index.php\/wp-json\/wp\/v2\/product\/2516","targetHints":{"allow":["GET"]}}],"collection":[{"href":"https:\/\/tusta.com.ar\/index.php\/wp-json\/wp\/v2\/product"}],"about":[{"href":"https:\/\/tusta.com.ar\/index.php\/wp-json\/wp\/v2\/types\/product"}],"replies":[{"embeddable":true,"href":"https:\/\/tusta.com.ar\/index.php\/wp-json\/wp\/v2\/comments?post=2516"}],"version-history":[{"count":4,"href":"https:\/\/tusta.com.ar\/index.php\/wp-json\/wp\/v2\/product\/2516\/revisions"}],"predecessor-version":[{"id":2541,"href":"https:\/\/tusta.com.ar\/index.php\/wp-json\/wp\/v2\/product\/2516\/revisions\/2541"}],"wp:featuredmedia":[{"embeddable":true,"href":"https:\/\/tusta.com.ar\/index.php\/wp-json\/wp\/v2\/media\/2517"}],"wp:attachment":[{"href":"https:\/\/tusta.com.ar\/index.php\/wp-json\/wp\/v2\/media?parent=2516"}],"wp:term":[{"taxonomy":"product_brand","embeddable":true,"href":"https:\/\/tusta.com.ar\/index.php\/wp-json\/wp\/v2\/product_brand?post=2516"},{"taxonomy":"product_cat","embeddable":true,"href":"https:\/\/tusta.com.ar\/index.php\/wp-json\/wp\/v2\/product_cat?post=2516"},{"taxonomy":"product_tag","embeddable":true,"href":"https:\/\/tusta.com.ar\/index.php\/wp-json\/wp\/v2\/product_tag?post=2516"}],"curies":[{"name":"wp","href":"https:\/\/api.w.org\/{rel}","templated":true}]}}