{"id":3312,"date":"2025-04-11T22:45:44","date_gmt":"2025-04-11T20:45:44","guid":{"rendered":"https:\/\/tusta.com.ar\/?post_type=product&#038;p=3312"},"modified":"2026-01-03T10:43:58","modified_gmt":"2026-01-03T13:43:58","slug":"cloro-90-granulado-x-1-kg-vulclor-vulcano-copia","status":"publish","type":"product","link":"https:\/\/tusta.com.ar\/index.php\/producto\/cloro-90-granulado-x-1-kg-vulclor-vulcano-copia\/","title":{"rendered":"Cloro en Pastillas 200 gr x 1 Kg Vulclor Vulcano"},"content":{"rendered":"<p>Cloro en pastillas Vulclor x 200 g (1 kg). Eficaz bactericida de disoluci\u00f3n lenta con alto poder desinfectante. F\u00e1cil y pr\u00e1ctico de utilizar, es ideal para dosificadores o boyas flotantes. No incrementa la alcalinidad del agua, se mantiene estable ante la acci\u00f3n del sol y es de alto poder residual.<\/p>\n<p>Dosis: 1 pastilla de 200 g cada 10.000 litros, por semana (piscinas residenciales).<\/p>\n<p>Importante: se debe regular el pH del agua entre 7,2 y 7,6 y mantener el nivel de cloro libre por encima de 1,5 ppm. Se recomienda realizar mediciones con el test kit Vulcano\u00ae.<\/p>\n","protected":false},"excerpt":{"rendered":"<p>Cloro en pastillas Vulclor x 200 g (1 kg). Eficaz bactericida de disoluci\u00f3n lenta con alto poder desinfectante. F\u00e1cil y pr\u00e1ctico de utilizar, es ideal para dosificadores o boyas flotantes. No incrementa la alcalinidad del agua, se mantiene estable ante la acci\u00f3n del sol y es de alto poder residual. Dosis: 1 pastilla de 200 g cada 10.000 litros, por semana (piscinas residenciales). Importante: se debe regular el pH del agua entre 7,2 y 7,6 y mantener el nivel de cloro libre por encima de 1,5 ppm. Se recomienda realizar mediciones con el test kit Vulcano\u00ae.<\/p>\n","protected":false},"featured_media":3313,"comment_status":"open","ping_status":"closed","template":"","meta":{"_eb_attr":""},"product_brand":[],"product_cat":[55,62],"product_tag":[112],"class_list":{"0":"post-3312","1":"product","2":"type-product","3":"status-publish","4":"has-post-thumbnail","6":"product_cat-piscina","7":"product_cat-productos-quimicos","8":"product_tag-vulcano","10":"first","11":"instock","12":"shipping-taxable","13":"product-type-simple"},"_links":{"self":[{"href":"https:\/\/tusta.com.ar\/index.php\/wp-json\/wp\/v2\/product\/3312","targetHints":{"allow":["GET"]}}],"collection":[{"href":"https:\/\/tusta.com.ar\/index.php\/wp-json\/wp\/v2\/product"}],"about":[{"href":"https:\/\/tusta.com.ar\/index.php\/wp-json\/wp\/v2\/types\/product"}],"replies":[{"embeddable":true,"href":"https:\/\/tusta.com.ar\/index.php\/wp-json\/wp\/v2\/comments?post=3312"}],"version-history":[{"count":3,"href":"https:\/\/tusta.com.ar\/index.php\/wp-json\/wp\/v2\/product\/3312\/revisions"}],"predecessor-version":[{"id":3316,"href":"https:\/\/tusta.com.ar\/index.php\/wp-json\/wp\/v2\/product\/3312\/revisions\/3316"}],"wp:featuredmedia":[{"embeddable":true,"href":"https:\/\/tusta.com.ar\/index.php\/wp-json\/wp\/v2\/media\/3313"}],"wp:attachment":[{"href":"https:\/\/tusta.com.ar\/index.php\/wp-json\/wp\/v2\/media?parent=3312"}],"wp:term":[{"taxonomy":"product_brand","embeddable":true,"href":"https:\/\/tusta.com.ar\/index.php\/wp-json\/wp\/v2\/product_brand?post=3312"},{"taxonomy":"product_cat","embeddable":true,"href":"https:\/\/tusta.com.ar\/index.php\/wp-json\/wp\/v2\/product_cat?post=3312"},{"taxonomy":"product_tag","embeddable":true,"href":"https:\/\/tusta.com.ar\/index.php\/wp-json\/wp\/v2\/product_tag?post=3312"}],"curies":[{"name":"wp","href":"https:\/\/api.w.org\/{rel}","templated":true}]}}