{"id":499,"date":"2024-04-03T16:20:18","date_gmt":"2024-04-03T14:20:18","guid":{"rendered":"https:\/\/tusta.com.ar\/?post_type=product&#038;p=499"},"modified":"2026-03-12T17:31:05","modified_gmt":"2026-03-12T20:31:05","slug":"bomba-presurizadora-rowa-max-flow-303-vf","status":"publish","type":"product","link":"https:\/\/tusta.com.ar\/index.php\/producto\/bomba-presurizadora-rowa-max-flow-303-vf\/","title":{"rendered":"Rowa Max Flow 303 VF 50\/60 L Bomba Presurizadora"},"content":{"rendered":"<p>Aumento de la presi\u00f3n de agua en edificaciones de tama\u00f1o medio, con o sin v\u00e1lvulas de descarga para inodoros que requieran presurizaci\u00f3n sin fluctuaciones y abundancia de agua.<br \/>\nResidencial: Casas, departamentos, etc.<br \/>\nComercial: Restaurantes, hoteles, estaciones de servicio, etc.<br \/>\nHasta 6 duchas y v\u00e1lvula de descarga.<br \/>\nNo produce golpes de ariete.<br \/>\n\u00danico con sistema RPX.<br \/>\nLa bomba del equipo es ROWA y por ello es totalmente silenciosa.<br \/>\nNo requiere ning\u00fan mantenimiento.<br \/>\nDos salidas, una para la instalaci\u00f3n sanitaria general y otra para v\u00e1lvulas de descarga.<br \/>\nUn s\u00f3lo equipo para la instalaci\u00f3n sanitaria general y alimentaci\u00f3n de v\u00e1lvulas de inodoro.<br \/>\nSeguridad, confiabilidad.<br \/>\nEste producto se trae a pedido.<\/p>\n","protected":false},"excerpt":{"rendered":"<ul>\n<li>Consumo el\u00e9ctrico 6 A.<\/li>\n<li>Potencia 1 hp.<\/li>\n<li>Tipo de aislaci\u00f3n F.<\/li>\n<li>Altura m\u00e1xima 29 mca.<\/li>\n<li>Caudal m\u00e1ximo 9000 L\/h.<\/li>\n<li>Garant\u00eda oficial por 2 a\u00f1os.<\/li>\n<\/ul>\n","protected":false},"featured_media":552,"comment_status":"open","ping_status":"closed","template":"","meta":{"_eb_attr":""},"product_brand":[],"product_cat":[23,172,24,125],"product_tag":[98],"class_list":{"0":"post-499","1":"product","2":"type-product","3":"status-publish","4":"has-post-thumbnail","6":"product_cat-bombas","7":"product_cat-max-flow","8":"product_cat-presurizadoras","9":"product_cat-tanque-cisterna","10":"product_tag-rowa","12":"first","13":"outofstock","14":"sold-individually","15":"shipping-taxable","16":"purchasable","17":"product-type-simple"},"_links":{"self":[{"href":"https:\/\/tusta.com.ar\/index.php\/wp-json\/wp\/v2\/product\/499","targetHints":{"allow":["GET"]}}],"collection":[{"href":"https:\/\/tusta.com.ar\/index.php\/wp-json\/wp\/v2\/product"}],"about":[{"href":"https:\/\/tusta.com.ar\/index.php\/wp-json\/wp\/v2\/types\/product"}],"replies":[{"embeddable":true,"href":"https:\/\/tusta.com.ar\/index.php\/wp-json\/wp\/v2\/comments?post=499"}],"version-history":[{"count":7,"href":"https:\/\/tusta.com.ar\/index.php\/wp-json\/wp\/v2\/product\/499\/revisions"}],"predecessor-version":[{"id":5554,"href":"https:\/\/tusta.com.ar\/index.php\/wp-json\/wp\/v2\/product\/499\/revisions\/5554"}],"wp:featuredmedia":[{"embeddable":true,"href":"https:\/\/tusta.com.ar\/index.php\/wp-json\/wp\/v2\/media\/552"}],"wp:attachment":[{"href":"https:\/\/tusta.com.ar\/index.php\/wp-json\/wp\/v2\/media?parent=499"}],"wp:term":[{"taxonomy":"product_brand","embeddable":true,"href":"https:\/\/tusta.com.ar\/index.php\/wp-json\/wp\/v2\/product_brand?post=499"},{"taxonomy":"product_cat","embeddable":true,"href":"https:\/\/tusta.com.ar\/index.php\/wp-json\/wp\/v2\/product_cat?post=499"},{"taxonomy":"product_tag","embeddable":true,"href":"https:\/\/tusta.com.ar\/index.php\/wp-json\/wp\/v2\/product_tag?post=499"}],"curies":[{"name":"wp","href":"https:\/\/api.w.org\/{rel}","templated":true}]}}