{"id":569,"date":"2024-04-03T16:23:23","date_gmt":"2024-04-03T14:23:23","guid":{"rendered":"https:\/\/tusta.com.ar\/?post_type=product&#038;p=569"},"modified":"2026-03-17T16:55:09","modified_gmt":"2026-03-17T19:55:09","slug":"bomba-periferica-rw-pr60-05-hp-rowa","status":"publish","type":"product","link":"https:\/\/tusta.com.ar\/index.php\/producto\/bomba-periferica-rw-pr60-05-hp-rowa\/","title":{"rendered":"Rowa RW PR60 0,5 hp Bomba perif\u00e9rica"},"content":{"rendered":"<p>La bomba perif\u00e9rica est\u00e1 dise\u00f1ada para el bombeo de agua limpia, para elevaci\u00f3n, llenado de cisterna, para uso en riego, etc. Para uso dom\u00e9stico en la casa o jard\u00edn, para transferencia de l\u00edquidos, drenaje de tanques, tomar agua de pozos, etc.<\/p>\n<ul>\n<li>Robusta y duradera.<\/li>\n<li>Impulsor de bronce.<\/li>\n<li>Sistema antibloqueo.<\/li>\n<li>Eje de Acero Inoxidable.<\/li>\n<li>Protector t\u00e9rmico incorporado.<\/li>\n<li>Motor monof\u00e1sico cerrado protecci\u00f3n IP X4.<\/li>\n<li>Potencia 0,5 hp.<\/li>\n<\/ul>\n","protected":false},"excerpt":{"rendered":"<ul>\n<li>Motor monof\u00e1sico cerrado protecci\u00f3n IP X4.<\/li>\n<li>Potencia 0,5 hp.<\/li>\n<li>Tipo de aislaci\u00f3n B.<\/li>\n<li>Altura m\u00e1xima 33 mca.<\/li>\n<li>Caudal m\u00e1ximo 2400 L\/h.<\/li>\n<li>Garant\u00eda oficial por 2 a\u00f1os.<\/li>\n<li>Consulte stock antes de realizar la compra.<\/li>\n<\/ul>\n","protected":false},"featured_media":623,"comment_status":"open","ping_status":"closed","template":"","meta":{"_eb_attr":""},"product_brand":[],"product_cat":[23,30],"product_tag":[98],"class_list":{"0":"post-569","1":"product","2":"type-product","3":"status-publish","4":"has-post-thumbnail","6":"product_cat-bombas","7":"product_cat-perifericas","8":"product_tag-rowa","10":"first","11":"outofstock","12":"sold-individually","13":"shipping-taxable","14":"purchasable","15":"product-type-simple"},"_links":{"self":[{"href":"https:\/\/tusta.com.ar\/index.php\/wp-json\/wp\/v2\/product\/569","targetHints":{"allow":["GET"]}}],"collection":[{"href":"https:\/\/tusta.com.ar\/index.php\/wp-json\/wp\/v2\/product"}],"about":[{"href":"https:\/\/tusta.com.ar\/index.php\/wp-json\/wp\/v2\/types\/product"}],"replies":[{"embeddable":true,"href":"https:\/\/tusta.com.ar\/index.php\/wp-json\/wp\/v2\/comments?post=569"}],"version-history":[{"count":5,"href":"https:\/\/tusta.com.ar\/index.php\/wp-json\/wp\/v2\/product\/569\/revisions"}],"predecessor-version":[{"id":5807,"href":"https:\/\/tusta.com.ar\/index.php\/wp-json\/wp\/v2\/product\/569\/revisions\/5807"}],"wp:featuredmedia":[{"embeddable":true,"href":"https:\/\/tusta.com.ar\/index.php\/wp-json\/wp\/v2\/media\/623"}],"wp:attachment":[{"href":"https:\/\/tusta.com.ar\/index.php\/wp-json\/wp\/v2\/media?parent=569"}],"wp:term":[{"taxonomy":"product_brand","embeddable":true,"href":"https:\/\/tusta.com.ar\/index.php\/wp-json\/wp\/v2\/product_brand?post=569"},{"taxonomy":"product_cat","embeddable":true,"href":"https:\/\/tusta.com.ar\/index.php\/wp-json\/wp\/v2\/product_cat?post=569"},{"taxonomy":"product_tag","embeddable":true,"href":"https:\/\/tusta.com.ar\/index.php\/wp-json\/wp\/v2\/product_tag?post=569"}],"curies":[{"name":"wp","href":"https:\/\/api.w.org\/{rel}","templated":true}]}}