{"id":6073,"date":"2026-04-06T15:42:01","date_gmt":"2026-04-06T18:42:01","guid":{"rendered":"https:\/\/tusta.com.ar\/?post_type=product&#038;p=6073"},"modified":"2026-04-06T15:42:01","modified_gmt":"2026-04-06T18:42:01","slug":"termostato-rojo-eco-switch-repuesto-termotanque-a-gas-senorial","status":"publish","type":"product","link":"https:\/\/tusta.com.ar\/index.php\/producto\/termostato-rojo-eco-switch-repuesto-termotanque-a-gas-senorial\/","title":{"rendered":"Termostato Rojo Eco Switch Repuesto Termotanque a Gas Se\u00f1orial"},"content":{"rendered":"<p>\u00bfQue incluye el producto?<\/p>\n<p>V\u00c1LVULA TERMOST\u00c1TICA\/TERMOSTATO PARA TERMOTANQUE SE\u00d1ORIAL ORIGINAL.<\/p>\n<p>Caracter\u00edsticas:<\/p>\n<p>Conexi\u00f3n Alimentaci\u00f3n: 3\/8 BSP<\/p>\n<p>Conexi\u00f3n Salida: 1\/8 BSP<\/p>\n<p>Conexi\u00f3n Piloto: 1\/8 BSP<\/p>\n<p>Conexi\u00f3n a tanque brida: 3\/4 BSP<\/p>\n<p>Para TODOS los modelos de termotanques a gas de Se\u00f1orial.<\/p>\n<p>Este repuesto es ORIGINAL de Se\u00f1orial.<\/p>\n","protected":false},"excerpt":{"rendered":"<p>\u00bfQue incluye el producto? V\u00c1LVULA TERMOST\u00c1TICA\/TERMOSTATO PARA TERMOTANQUE SE\u00d1ORIAL ORIGINAL. Caracter\u00edsticas: Conexi\u00f3n Alimentaci\u00f3n: 3\/8 BSP Conexi\u00f3n Salida: 1\/8 BSP Conexi\u00f3n Piloto: 1\/8 BSP Conexi\u00f3n a tanque brida: 3\/4 BSP Para TODOS los modelos de termotanques a gas de Se\u00f1orial. Este repuesto es ORIGINAL de Se\u00f1orial.<\/p>\n","protected":false},"featured_media":6082,"comment_status":"open","ping_status":"closed","template":"","meta":{"_eb_attr":""},"product_brand":[],"product_cat":[354],"product_tag":[],"class_list":{"0":"post-6073","1":"product","2":"type-product","3":"status-publish","4":"has-post-thumbnail","6":"product_cat-repuestos","8":"first","9":"instock","10":"shipping-taxable","11":"purchasable","12":"product-type-simple"},"_links":{"self":[{"href":"https:\/\/tusta.com.ar\/index.php\/wp-json\/wp\/v2\/product\/6073","targetHints":{"allow":["GET"]}}],"collection":[{"href":"https:\/\/tusta.com.ar\/index.php\/wp-json\/wp\/v2\/product"}],"about":[{"href":"https:\/\/tusta.com.ar\/index.php\/wp-json\/wp\/v2\/types\/product"}],"replies":[{"embeddable":true,"href":"https:\/\/tusta.com.ar\/index.php\/wp-json\/wp\/v2\/comments?post=6073"}],"version-history":[{"count":1,"href":"https:\/\/tusta.com.ar\/index.php\/wp-json\/wp\/v2\/product\/6073\/revisions"}],"predecessor-version":[{"id":6083,"href":"https:\/\/tusta.com.ar\/index.php\/wp-json\/wp\/v2\/product\/6073\/revisions\/6083"}],"wp:featuredmedia":[{"embeddable":true,"href":"https:\/\/tusta.com.ar\/index.php\/wp-json\/wp\/v2\/media\/6082"}],"wp:attachment":[{"href":"https:\/\/tusta.com.ar\/index.php\/wp-json\/wp\/v2\/media?parent=6073"}],"wp:term":[{"taxonomy":"product_brand","embeddable":true,"href":"https:\/\/tusta.com.ar\/index.php\/wp-json\/wp\/v2\/product_brand?post=6073"},{"taxonomy":"product_cat","embeddable":true,"href":"https:\/\/tusta.com.ar\/index.php\/wp-json\/wp\/v2\/product_cat?post=6073"},{"taxonomy":"product_tag","embeddable":true,"href":"https:\/\/tusta.com.ar\/index.php\/wp-json\/wp\/v2\/product_tag?post=6073"}],"curies":[{"name":"wp","href":"https:\/\/api.w.org\/{rel}","templated":true}]}}