{"id":6100,"date":"2026-04-06T15:49:38","date_gmt":"2026-04-06T18:49:38","guid":{"rendered":"https:\/\/tusta.com.ar\/?post_type=product&#038;p=6100"},"modified":"2026-04-06T15:49:38","modified_gmt":"2026-04-06T18:49:38","slug":"conjunto-quemador-grande-160l-repuesto-termotanque-senorial","status":"publish","type":"product","link":"https:\/\/tusta.com.ar\/index.php\/producto\/conjunto-quemador-grande-160l-repuesto-termotanque-senorial\/","title":{"rendered":"Conjunto Quemador Grande 160L Repuesto Termotanque Se\u00f1orial"},"content":{"rendered":"<p>QUEMADOR DE FUNDICI\u00d3N COMPLETO TERMOCUPLA PILOTO 2 VIROLAS 2 TUERCAS<\/p>\n<p>Compatible con los modelos de termotanque a gas de 160 Litros de Se\u00f1orial.<\/p>\n<p>TODAS las piezas de esta publicaci\u00f3n son ORIGINALES de Se\u00f1orial.<\/p>\n","protected":false},"excerpt":{"rendered":"<p>QUEMADOR DE FUNDICI\u00d3N COMPLETO TERMOCUPLA PILOTO 2 VIROLAS 2 TUERCAS Compatible con los modelos de termotanque a gas de 160 Litros de Se\u00f1orial. TODAS las piezas de esta publicaci\u00f3n son ORIGINALES de Se\u00f1orial.<\/p>\n","protected":false},"featured_media":6101,"comment_status":"open","ping_status":"closed","template":"","meta":{"_eb_attr":""},"product_brand":[],"product_cat":[354],"product_tag":[],"class_list":{"0":"post-6100","1":"product","2":"type-product","3":"status-publish","4":"has-post-thumbnail","6":"product_cat-repuestos","8":"first","9":"instock","10":"shipping-taxable","11":"purchasable","12":"product-type-simple"},"_links":{"self":[{"href":"https:\/\/tusta.com.ar\/index.php\/wp-json\/wp\/v2\/product\/6100","targetHints":{"allow":["GET"]}}],"collection":[{"href":"https:\/\/tusta.com.ar\/index.php\/wp-json\/wp\/v2\/product"}],"about":[{"href":"https:\/\/tusta.com.ar\/index.php\/wp-json\/wp\/v2\/types\/product"}],"replies":[{"embeddable":true,"href":"https:\/\/tusta.com.ar\/index.php\/wp-json\/wp\/v2\/comments?post=6100"}],"version-history":[{"count":1,"href":"https:\/\/tusta.com.ar\/index.php\/wp-json\/wp\/v2\/product\/6100\/revisions"}],"predecessor-version":[{"id":6110,"href":"https:\/\/tusta.com.ar\/index.php\/wp-json\/wp\/v2\/product\/6100\/revisions\/6110"}],"wp:featuredmedia":[{"embeddable":true,"href":"https:\/\/tusta.com.ar\/index.php\/wp-json\/wp\/v2\/media\/6101"}],"wp:attachment":[{"href":"https:\/\/tusta.com.ar\/index.php\/wp-json\/wp\/v2\/media?parent=6100"}],"wp:term":[{"taxonomy":"product_brand","embeddable":true,"href":"https:\/\/tusta.com.ar\/index.php\/wp-json\/wp\/v2\/product_brand?post=6100"},{"taxonomy":"product_cat","embeddable":true,"href":"https:\/\/tusta.com.ar\/index.php\/wp-json\/wp\/v2\/product_cat?post=6100"},{"taxonomy":"product_tag","embeddable":true,"href":"https:\/\/tusta.com.ar\/index.php\/wp-json\/wp\/v2\/product_tag?post=6100"}],"curies":[{"name":"wp","href":"https:\/\/api.w.org\/{rel}","templated":true}]}}