{"id":6133,"date":"2026-04-07T15:48:56","date_gmt":"2026-04-07T18:48:56","guid":{"rendered":"https:\/\/tusta.com.ar\/?post_type=product&#038;p=6133"},"modified":"2026-04-07T15:48:56","modified_gmt":"2026-04-07T18:48:56","slug":"purificador-rotoplas-essential-blanco","status":"publish","type":"product","link":"https:\/\/tusta.com.ar\/index.php\/producto\/purificador-rotoplas-essential-blanco\/","title":{"rendered":"Purificador Rotoplas Essential Blanco"},"content":{"rendered":"<ul class=\"bullets-list\">\n<li>Reduce el sabor y el olor del agua de red.<\/li>\n<li>Reduce el 89,77% de la concentraci\u00f3n de cloro del agua de red para un agua de entrada que contenga hasta 2,23 mg\/l de cloro.<\/li>\n<li>Capacidad\/ Caudal: 1,5 litros por minuto.<\/li>\n<li>Presi\u00f3n m\u00ednima y m\u00e1xima: 1 kg\/cm2<\/li>\n<li>Vida \u00fatil 7.000 litros o 9 meses.<\/li>\n<\/ul>\n","protected":false},"excerpt":{"rendered":"<p>Reduce el sabor y el olor del agua de red. Reduce el 89,77% de la concentraci\u00f3n de cloro del agua de red para un agua de entrada que contenga hasta 2,23 mg\/l de cloro. Capacidad\/ Caudal: 1,5 litros por minuto. Presi\u00f3n m\u00ednima y m\u00e1xima: 1 kg\/cm2 Vida \u00fatil 7.000 litros o 9 meses.<\/p>\n","protected":false},"featured_media":6135,"comment_status":"open","ping_status":"closed","template":"","meta":{"_eb_attr":""},"product_brand":[],"product_cat":[15],"product_tag":[97],"class_list":{"0":"post-6133","1":"product","2":"type-product","3":"status-publish","4":"has-post-thumbnail","6":"product_cat-sin-categorizar","7":"product_tag-rotoplas","9":"first","10":"instock","11":"shipping-taxable","12":"purchasable","13":"product-type-simple"},"_links":{"self":[{"href":"https:\/\/tusta.com.ar\/index.php\/wp-json\/wp\/v2\/product\/6133","targetHints":{"allow":["GET"]}}],"collection":[{"href":"https:\/\/tusta.com.ar\/index.php\/wp-json\/wp\/v2\/product"}],"about":[{"href":"https:\/\/tusta.com.ar\/index.php\/wp-json\/wp\/v2\/types\/product"}],"replies":[{"embeddable":true,"href":"https:\/\/tusta.com.ar\/index.php\/wp-json\/wp\/v2\/comments?post=6133"}],"version-history":[{"count":1,"href":"https:\/\/tusta.com.ar\/index.php\/wp-json\/wp\/v2\/product\/6133\/revisions"}],"predecessor-version":[{"id":6137,"href":"https:\/\/tusta.com.ar\/index.php\/wp-json\/wp\/v2\/product\/6133\/revisions\/6137"}],"wp:featuredmedia":[{"embeddable":true,"href":"https:\/\/tusta.com.ar\/index.php\/wp-json\/wp\/v2\/media\/6135"}],"wp:attachment":[{"href":"https:\/\/tusta.com.ar\/index.php\/wp-json\/wp\/v2\/media?parent=6133"}],"wp:term":[{"taxonomy":"product_brand","embeddable":true,"href":"https:\/\/tusta.com.ar\/index.php\/wp-json\/wp\/v2\/product_brand?post=6133"},{"taxonomy":"product_cat","embeddable":true,"href":"https:\/\/tusta.com.ar\/index.php\/wp-json\/wp\/v2\/product_cat?post=6133"},{"taxonomy":"product_tag","embeddable":true,"href":"https:\/\/tusta.com.ar\/index.php\/wp-json\/wp\/v2\/product_tag?post=6133"}],"curies":[{"name":"wp","href":"https:\/\/api.w.org\/{rel}","templated":true}]}}