{"id":6364,"date":"2026-05-08T13:50:35","date_gmt":"2026-05-08T16:50:35","guid":{"rendered":"https:\/\/tusta.com.ar\/?post_type=product&#038;p=6364"},"modified":"2026-05-08T17:04:14","modified_gmt":"2026-05-08T20:04:14","slug":"biodigestor-waterplast-1100-l-negro-camara-septica-polietileno-vertical","status":"publish","type":"product","link":"https:\/\/tusta.com.ar\/index.php\/producto\/biodigestor-waterplast-1100-l-negro-camara-septica-polietileno-vertical\/","title":{"rendered":"Biodigestor Waterplast 1100 L Negro C\u00e1mara S\u00e9ptica Polietileno Vertical"},"content":{"rendered":"<p>En cada tanque, Waterplast pone lo mejor. La marca trabaja enfocada en desarrollar rigurosos procesos de trabajo para incluir protecci\u00f3n antibacteriana en todos sus productos. Eligiendo uno de ellos, no s\u00f3lo te garantiz\u00e1s la m\u00e1xima calidad, sino tambi\u00e9n la mejor agua.<\/p>\n<p>Durabilidad garantizada<br \/>\nFabricado con materiales de excelente resistencia, es f\u00e1cil de instalar e ideal para utilizar en interiores.<\/p>\n","protected":false},"excerpt":{"rendered":"<p>En cada tanque, Waterplast pone lo mejor. La marca trabaja enfocada en desarrollar rigurosos procesos de trabajo para incluir protecci\u00f3n antibacteriana en todos sus productos. Eligiendo uno de ellos, no s\u00f3lo te garantiz\u00e1s la m\u00e1xima calidad, sino tambi\u00e9n la mejor agua. Durabilidad garantizada Fabricado con materiales de excelente resistencia, es f\u00e1cil de instalar e ideal para utilizar en interiores.<\/p>\n","protected":false},"featured_media":6342,"comment_status":"open","ping_status":"closed","template":"","meta":{"_eb_attr":""},"product_brand":[],"product_cat":[15],"product_tag":[],"class_list":{"0":"post-6364","1":"product","2":"type-product","3":"status-publish","4":"has-post-thumbnail","6":"product_cat-sin-categorizar","8":"first","9":"instock","10":"shipping-taxable","11":"purchasable","12":"product-type-simple"},"_links":{"self":[{"href":"https:\/\/tusta.com.ar\/index.php\/wp-json\/wp\/v2\/product\/6364","targetHints":{"allow":["GET"]}}],"collection":[{"href":"https:\/\/tusta.com.ar\/index.php\/wp-json\/wp\/v2\/product"}],"about":[{"href":"https:\/\/tusta.com.ar\/index.php\/wp-json\/wp\/v2\/types\/product"}],"replies":[{"embeddable":true,"href":"https:\/\/tusta.com.ar\/index.php\/wp-json\/wp\/v2\/comments?post=6364"}],"version-history":[{"count":1,"href":"https:\/\/tusta.com.ar\/index.php\/wp-json\/wp\/v2\/product\/6364\/revisions"}],"predecessor-version":[{"id":6366,"href":"https:\/\/tusta.com.ar\/index.php\/wp-json\/wp\/v2\/product\/6364\/revisions\/6366"}],"wp:featuredmedia":[{"embeddable":true,"href":"https:\/\/tusta.com.ar\/index.php\/wp-json\/wp\/v2\/media\/6342"}],"wp:attachment":[{"href":"https:\/\/tusta.com.ar\/index.php\/wp-json\/wp\/v2\/media?parent=6364"}],"wp:term":[{"taxonomy":"product_brand","embeddable":true,"href":"https:\/\/tusta.com.ar\/index.php\/wp-json\/wp\/v2\/product_brand?post=6364"},{"taxonomy":"product_cat","embeddable":true,"href":"https:\/\/tusta.com.ar\/index.php\/wp-json\/wp\/v2\/product_cat?post=6364"},{"taxonomy":"product_tag","embeddable":true,"href":"https:\/\/tusta.com.ar\/index.php\/wp-json\/wp\/v2\/product_tag?post=6364"}],"curies":[{"name":"wp","href":"https:\/\/api.w.org\/{rel}","templated":true}]}}