{"id":891,"date":"2024-04-03T16:34:32","date_gmt":"2024-04-03T14:34:32","guid":{"rendered":"https:\/\/tusta.com.ar\/?post_type=product&#038;p=891"},"modified":"2025-09-08T12:46:47","modified_gmt":"2025-09-08T15:46:47","slug":"toma-de-fondo-f-v-para-esquina-vulcano","status":"publish","type":"product","link":"https:\/\/tusta.com.ar\/index.php\/producto\/toma-de-fondo-f-v-para-esquina-vulcano\/","title":{"rendered":"Toma de Fondo F.V para esquina Vulcano"},"content":{"rendered":"<div align=\"center\">\n<div id=\"lodeladerecha\" align=\"left\">\n<ul>\n<li>Toma de fondo Vulcano para piscinas de fibra de vidrio.<\/li>\n<li>Con rejilla flexible de aberturas peque\u00f1as, sujeta con tornillos parker. Fabricadas en poliestireno de alto impacto.<\/li>\n<li>Cuenta con 1 toma de rosca hembra de 2&#8243;.<\/li>\n<li>Este modelo est\u00e1 dise\u00f1ado espec\u00edficamente para instalarse en una esquina de la pileta que garantice el desagote total de la misma.<\/li>\n<\/ul>\n<\/div>\n<\/div>\n","protected":false},"excerpt":{"rendered":"<p>Toma de fondo Vulcano para piscinas de fibra de vidrio. Con rejilla flexible de aberturas peque\u00f1as, sujeta con tornillos parker. Fabricadas en poliestireno de alto impacto. Cuenta con 1 toma de rosca hembra de 2&#8243;. Este modelo est\u00e1 dise\u00f1ado espec\u00edficamente para instalarse en una esquina de la pileta que garantice el desagote total de la misma.<\/p>\n","protected":false},"featured_media":946,"comment_status":"open","ping_status":"closed","template":"","meta":{"_eb_attr":""},"product_brand":[],"product_cat":[55,66],"product_tag":[112],"class_list":{"0":"post-891","1":"product","2":"type-product","3":"status-publish","4":"has-post-thumbnail","6":"product_cat-piscina","7":"product_cat-tomas-de-fondo","8":"product_tag-vulcano","10":"first","11":"instock","12":"sold-individually","13":"shipping-taxable","14":"product-type-simple"},"_links":{"self":[{"href":"https:\/\/tusta.com.ar\/index.php\/wp-json\/wp\/v2\/product\/891","targetHints":{"allow":["GET"]}}],"collection":[{"href":"https:\/\/tusta.com.ar\/index.php\/wp-json\/wp\/v2\/product"}],"about":[{"href":"https:\/\/tusta.com.ar\/index.php\/wp-json\/wp\/v2\/types\/product"}],"replies":[{"embeddable":true,"href":"https:\/\/tusta.com.ar\/index.php\/wp-json\/wp\/v2\/comments?post=891"}],"version-history":[{"count":2,"href":"https:\/\/tusta.com.ar\/index.php\/wp-json\/wp\/v2\/product\/891\/revisions"}],"predecessor-version":[{"id":2641,"href":"https:\/\/tusta.com.ar\/index.php\/wp-json\/wp\/v2\/product\/891\/revisions\/2641"}],"wp:featuredmedia":[{"embeddable":true,"href":"https:\/\/tusta.com.ar\/index.php\/wp-json\/wp\/v2\/media\/946"}],"wp:attachment":[{"href":"https:\/\/tusta.com.ar\/index.php\/wp-json\/wp\/v2\/media?parent=891"}],"wp:term":[{"taxonomy":"product_brand","embeddable":true,"href":"https:\/\/tusta.com.ar\/index.php\/wp-json\/wp\/v2\/product_brand?post=891"},{"taxonomy":"product_cat","embeddable":true,"href":"https:\/\/tusta.com.ar\/index.php\/wp-json\/wp\/v2\/product_cat?post=891"},{"taxonomy":"product_tag","embeddable":true,"href":"https:\/\/tusta.com.ar\/index.php\/wp-json\/wp\/v2\/product_tag?post=891"}],"curies":[{"name":"wp","href":"https:\/\/api.w.org\/{rel}","templated":true}]}}