{"id":981,"date":"2024-04-03T16:38:32","date_gmt":"2024-04-03T14:38:32","guid":{"rendered":"https:\/\/tusta.com.ar\/?post_type=product&#038;p=981"},"modified":"2026-04-09T15:53:29","modified_gmt":"2026-04-09T18:53:29","slug":"casilla-rotomoldeada-vc-50-vulcano","status":"publish","type":"product","link":"https:\/\/tusta.com.ar\/index.php\/producto\/casilla-rotomoldeada-vc-50-vulcano\/","title":{"rendered":"Casilla Rotomoldeada vc 50 Vulcano"},"content":{"rendered":"<div align=\"center\">\n<div id=\"lodeladerecha\" align=\"left\">\n<div align=\"left\">\n<div align=\"center\">\n<div id=\"lodeladerecha\" align=\"left\">\n<div align=\"left\">Casilla de polietileno rotomoldeado con orificio inferior para evitar inundaciones. Ideada para ser enterrada y dejar visible s\u00f3lo tapa, en su interior encontramos los alojamientos para la fijaci\u00f3n del filtro VC-50 y la electrobomba. Este centro compacto de instalaci\u00f3n se convierte en una excelente opci\u00f3n para la disminuci\u00f3n de tiempos y procesos, simplificando y haciendo m\u00e1s econ\u00f3mico el proyecto.<\/div>\n<\/div>\n<\/div>\n<\/div>\n<\/div>\n<\/div>\n","protected":false},"excerpt":{"rendered":"<p>Casilla de polietileno rotomoldeado con orificio inferior para evitar inundaciones. Ideada para ser enterrada y dejar visible s\u00f3lo tapa, en su interior encontramos los alojamientos para la fijaci\u00f3n del filtro VC-50 y la electrobomba. Este centro compacto de instalaci\u00f3n se convierte en una excelente opci\u00f3n para la disminuci\u00f3n de tiempos y procesos, simplificando y haciendo m\u00e1s econ\u00f3mico el proyecto.<\/p>\n","protected":false},"featured_media":1040,"comment_status":"open","ping_status":"closed","template":"","meta":{"_eb_attr":""},"product_brand":[],"product_cat":[78,188,55],"product_tag":[112],"class_list":{"0":"post-981","1":"product","2":"type-product","3":"status-publish","4":"has-post-thumbnail","6":"product_cat-casillas","7":"product_cat-casillas-solas","8":"product_cat-piscina","9":"product_tag-vulcano","11":"first","12":"instock","13":"sold-individually","14":"shipping-taxable","15":"purchasable","16":"product-type-simple"},"_links":{"self":[{"href":"https:\/\/tusta.com.ar\/index.php\/wp-json\/wp\/v2\/product\/981","targetHints":{"allow":["GET"]}}],"collection":[{"href":"https:\/\/tusta.com.ar\/index.php\/wp-json\/wp\/v2\/product"}],"about":[{"href":"https:\/\/tusta.com.ar\/index.php\/wp-json\/wp\/v2\/types\/product"}],"replies":[{"embeddable":true,"href":"https:\/\/tusta.com.ar\/index.php\/wp-json\/wp\/v2\/comments?post=981"}],"version-history":[{"count":2,"href":"https:\/\/tusta.com.ar\/index.php\/wp-json\/wp\/v2\/product\/981\/revisions"}],"predecessor-version":[{"id":1787,"href":"https:\/\/tusta.com.ar\/index.php\/wp-json\/wp\/v2\/product\/981\/revisions\/1787"}],"wp:featuredmedia":[{"embeddable":true,"href":"https:\/\/tusta.com.ar\/index.php\/wp-json\/wp\/v2\/media\/1040"}],"wp:attachment":[{"href":"https:\/\/tusta.com.ar\/index.php\/wp-json\/wp\/v2\/media?parent=981"}],"wp:term":[{"taxonomy":"product_brand","embeddable":true,"href":"https:\/\/tusta.com.ar\/index.php\/wp-json\/wp\/v2\/product_brand?post=981"},{"taxonomy":"product_cat","embeddable":true,"href":"https:\/\/tusta.com.ar\/index.php\/wp-json\/wp\/v2\/product_cat?post=981"},{"taxonomy":"product_tag","embeddable":true,"href":"https:\/\/tusta.com.ar\/index.php\/wp-json\/wp\/v2\/product_tag?post=981"}],"curies":[{"name":"wp","href":"https:\/\/api.w.org\/{rel}","templated":true}]}}